s = 241 + r. Suppose 4*d - 4*x - s = 2328, -5*d + 4*x = -4429. Is d prime?
False
Suppose 9*i = -6*i + i. Suppose i = -u + 5, 47*u = g + 52*u - 17444. Is g a composite number?
False
Let i = -102 + 110. Is 2 - -7196 - (-5 + i) a prime number?
False
Let h = -456995 + 929964. Is h a prime number?
False
Let r be (4/(32/(-2308)))/((-4)/(-32)). Let o = r - -4499. Is o prime?
False
Suppose 0 = -634*y + 629*y - 4*a + 522605, 0 = -4*y + 4*a + 418084. Is y composite?
True
Suppose s = -5*o + 233 + 20996, 85041 = 4*s - 5*o. Is s composite?
True
Let c(f) = 2360*f**2 - f - 1. Let t be (2 - 5) + (-1 - -3). Let q be c(t). Suppose -2*p + 1158 = -4*k, q = 4*p - 0*k + 3*k. Is p composite?
False
Let p = -726024 + 1268773. Is p prime?
False
Let j be (102/27 - -1) + 4/18. Suppose 5*a - l - 252 = a, 0 = 2*a - j*l - 108. Suppose i - a = 273. Is i a composite number?
False
Let t(q) = 10*q - 43. Suppose -6*f + 10 = -8. Suppose -j = -4*n + j + 76, 58 = f*n - j. Is t(n) composite?
False
Let x(o) = -65*o**3 + 3*o**2 + 69*o + 98. Is x(-15) composite?
True
Let v = 25 + -19. Suppose 4 = -m, -4*w - 2*m - 2*m - 16 = 0. Suppose v*z - 2205 - 1581 = w. Is z composite?
False
Let v = 6310 + -2673. Is v a prime number?
True
Let g(x) = x + 2. Let r be g(-11). Let w(o) = -2*o**2 + 6*o + 24. Let l be w(r). Is ((-1 - l) + 0)*(0 - -1) a prime number?
True
Let w(p) = -p**3 + 19*p**2 + 25*p + 25. Let a be w(18). Suppose -z - 2668 = -3*d + a, -4*z - 5790 = -5*d. Let s = d + 1025. Is s a composite number?
False
Suppose -300372 = -29*c - 11*c + 80948. Is c a composite number?
False
Let z(i) = 83469*i**2 - 94*i + 58. Is z(-3) composite?
True
Let h = 852 + -489. Suppose 2*i - 139 = h. Is i composite?
False
Let i = 314698 + 834789. Is i composite?
False
Suppose -3*s + 5 = -y, 9*y - 12*y + 29 = 2*s. Suppose -607 = -y*l + 226. Is l composite?
True
Is 24/(-40)*69614825/(-105) composite?
False
Let w = -16 - -35. Suppose 5 = -c + 4*r + w, -2*c = -3*r - 13. Suppose -l + 3*i + 1098 + 821 = 0, -3*l + 5785 = -c*i. Is l prime?
True
Let i(p) = -263*p + 180. Let m be i(-10). Suppose -d + m = c, -2*c + 5*d + 5641 = -0*c. Is c a composite number?
True
Let b = -59 - -66. Suppose 0 = -b*m + 1336 - 83. Is m a prime number?
True
Suppose 5*i = -3*l + 24870, -9927 = -2*i - l + 4*l. Suppose 0 = 4*b - i - 637. Is b a composite number?
True
Suppose -4*b + 24 = -2*c, 3*c - 2*c + 2 = -3*b. Let i be (-4)/c + 3/6. Is (2 - -49*i - 0) + 2 prime?
True
Let v = -22 + 26. Suppose 3*s = -2*s - 3*g + 10274, 0 = v*g - 12. Is s prime?
True
Let r = -286 + 308. Is (4 - -34)*3*r/12 a prime number?
False
Let s = -272953 - -728480. Is s prime?
True
Let k(j) = 51*j - 36. Let t be k(12). Let u = -1 - -5. Suppose 4*v + a - t = 0, -124 - 35 = -v - u*a. Is v composite?
True
Let j = -88 - -74. Let a(t) = -2*t - 20. Let i be a(j). Suppose -i*b + 1465 = -3*b - 4*h, 293 = b + 4*h. Is b a composite number?
False
Let i = -298816 - -2040135. Is i a prime number?
True
Suppose 1174203 = 30*a - 19*a + 16*a. Is a composite?
True
Let q = 483631 + -287166. Is q composite?
True
Suppose -4*c = -3*q + 70249, -36*c + 70213 = 3*q - 31*c. Is q prime?
False
Let o = 1446319 + -856040. Is o prime?
True
Let o(n) = n**2 + 3*n + 6. Let w be o(0). Let a(b) = 20*b**3 - 2*b**2 + 13*b + 1. Is a(w) a composite number?
False
Suppose -4*k + 961 = 285. Let f = k - 10. Is f prime?
False
Suppose 16*c - 36 = 156. Is c/(-28) - (-818324)/7 composite?
False
Let o(p) = -p - 16. Suppose -8*z - 34 = -6*z. Let r be o(z). Let v(f) = 7434*f**3 - 2*f**2 + 2*f - 1. Is v(r) composite?
False
Suppose 3*u = 8 - 20, 13 = a + 2*u. Suppose 86957 = a*k - 8*k. Is k a prime number?
True
Let g be ((-2)/(1 + -2))/((-91)/91). Let p(w) = 1689*w**2 + 6*w + 7. Is p(g) prime?
False
Is 2*1/(-14)*-27041 a composite number?
False
Let m be 1292870/40 + 3/(-4). Suppose -2*y = -6*s + 5*s + 32309, s + 4*y = m. Is s a composite number?
True
Let o = 381 + -172. Is 0 + 17*(o - (-4)/2) a prime number?
False
Suppose 216802 = 4*v - 6*h, -3*v + 168*h - 165*h + 162594 = 0. Is v prime?
True
Let b = -59153 - -110070. Is b a composite number?
True
Suppose 3916 = 10*h + 43236. Let i = h + 6183. Is i a prime number?
True
Let n(s) = 2858*s - 123. Is n(20) composite?
False
Is (-860919)/(-2)*-3*22/(-99) a prime number?
True
Is 134990 - (12/(-32) - ((-990)/48)/15) composite?
False
Suppose -19*w + 32*w = 0. Suppose 10*h + 3*h - 163943 = w. Is h prime?
True
Let t = -3440 - -5997. Let o = -504 + t. Is o a prime number?
True
Suppose 0 = 5*z - 4*q - 31, -z + 5*q + 35 = 4*z. Suppose 3*b - 22843 = 4*j, 3*b - 22883 = -7*j + z*j. Is b composite?
False
Let s(o) = 8*o**2 - 5*o + 9. Let v be 9 + 5/((-15)/12). Let i be s(v). Is (i/32)/((-2)/(-56)) a composite number?
True
Let t = -6611 - -10022. Let f = t - 1612. Suppose z - 361 = -r, 5*r = -2*z - z + f. Is r a prime number?
False
Suppose 2*n - 161 - 226 = 3*p, -n + 3*p + 198 = 0. Let y = n + 10996. Is y prime?
False
Let r = 21 + -24. Let a = r + 7. Suppose 4*l + 136 = 8*l + a*d, -5*d = 15. Is l composite?
False
Let t(r) = -95*r**2 + 6*r + 7. Let n be t(-2). Let a = n + -749. Let o = -85 - a. Is o composite?
False
Let q(t) = -323*t + 2917. Is q(-92) prime?
True
Is 117060767/1007 + (-4)/106 a composite number?
True
Suppose 0 = 5*i - 5*m + 16 + 14, 5*m - 10 = 0. Let h be -1 + i/(-8)*6. Suppose h*v - 34310 = -8*v. Is v a prime number?
False
Let t = -630 + 625. Is ((-40)/8)/(((-5)/(-1481))/t) a composite number?
True
Let c(d) = -42*d**3 - 6*d**2 - 4*d + 25. Is c(-4) a composite number?
False
Suppose 2710797 - 7003344 = -106*j + 33776611. Is j a prime number?
True
Suppose 4*p + 28 = 52. Suppose 0 = 11*w - 17*w - p. Is w/(-3) + (-59440)/(-60) prime?
True
Suppose 16 = 4*f, -2*h + 28 = -f - 4. Suppose -t + 2*d - 6 + 4 = 0, -h = -3*t - 2*d. Suppose -t*y + 3*w - w = -5530, 3*y - 5*w - 4151 = 0. Is y a prime number?
False
Suppose 0 = -49*y + 778210 + 839440 + 848961. Is y a composite number?
True
Let y = -125 + 129. Suppose -3*g + 12 = 0, -y*g - 1675 = -3*k + 4255. Is k a composite number?
True
Let j(s) = -2*s**2 - 210*s - 5. Is j(-52) composite?
False
Let s be 0*(-4)/(-8) - (-1 + 1). Let p(k) = k**2 + 4*k + 4045. Is p(s) a composite number?
True
Let b be 0/13*2/4. Suppose 2*j + 5*z = 9711, 3*j + 4*z = -b*z + 14563. Is j prime?
False
Is 28784 - 4 - 7/(84/36) composite?
True
Suppose 134*j - 5119438 + 744740 = 0. Is j a composite number?
False
Let d = 63 - 28. Suppose d - 25 = 2*p. Suppose p*o - 2*j = 8549, 2*o - 1887 = 5*j + 1541. Is o a prime number?
True
Suppose -d - 4*c + 41737 = -28102, -d = -2*c - 69803. Is d prime?
False
Let h(b) = 24*b**3 - b**2 - b - 3. Let k be 1 - 1 - (30 + -33). Is h(k) prime?
False
Let c = -331559 - -597780. Is c composite?
False
Let m = 29218 + -20564. Is m composite?
True
Let b be 1/2 - 1/2. Suppose 3*j + 18 - 27 = b. Let o(h) = 36*h**2 + 4*h + 1. Is o(j) prime?
True
Suppose -3637591 - 6686225 = -23*x + 1634551. Is x a composite number?
True
Suppose -63 = 30*t - 33*t. Suppose 9*p - 15 = t. Is 1640 + -3 + -2 + p a prime number?
False
Let c = -1486 + 861. Let n = c + 1382. Is n prime?
True
Is 3/24 + 5945430/80 composite?
True
Let t(f) = 82*f - 19. Let b(u) = u**2 - 9*u + 41. Let k be b(6). Is t(k) prime?
True
Let w be (21/((-147)/154))/(-2). Let u(l) = l**3 + 4*l**2 - 13*l - 39. Is u(w) a composite number?
True
Suppose -32 = -36*n + 32*n. Let v(h) = 9*h**2 - 3*h - 15. Let z be v(n). Suppose 0 = -4*d + p + 505, -4*d + z = 5*p + 14. Is d composite?
False
Suppose 0 = 13*y - 488 - 6935. Let p = 2196 + y. Is p a composite number?
False
Suppose -36*n = -39*n. Suppose n = 37*s - 24452 - 597. Is s a prime number?
True
Suppose -340 + 124 = 4*r. Let y = 39 + r. Is -1*4 + (-2505)/y a composite number?
False
Suppose 22769402 = 66*j + 28*j + 13600. Is j prime?
True
Let r = 33125 + -6816. Is r a composite number?
False
Let q(m) = -46*m**3 + 149*m**2 + 65*m + 199. Is q(-32) prime?
True
Let s be (-24828)/(-9) + (-2)/(-6). Let m = s - 898. Is m composite?
False
Suppose 11*u = 4*u + 6*u + 19171. Is u composite?
True
Is (-8764326)/(-8) + (-55)/(-440)*2 a prime number?
True
Let x(g) = 21*g + 53*g + 5 - 5*g. Suppose -431*s + 427*s + 2 = -5*y, 0 = 4*y - 4*s + 4. Is x(y) a prime number?
False
Suppose -5*d + 16577 = g, 3*g - 3*d = 4*g - 16577. Suppose 15*w = 64022 - g. Is w a composite number?